) be the second derivative of -q**4/12 + 2*q**3/3 + q**2/2 + 8*q. What is d(5)?
-4
Let s(c) = -c**3 + 10*c**2 - 11*c - 3. Let r(f) = -f**3 - 18*f**2 - 6*f - 99. Let m be r(-18). Calculate s(m).
-21
Suppose -3*r = -3*l + 18, 5*r + 6 = l - 2*l. Suppose -5*v + i - 5 = -2*i, l*i = -v - 24. Let a(d) = -d**3 - 5*d**2 + 3. Give a(v).
-13
Let l(d) = 3*d**2 + 23*d - 14. Let s be l(-8). Let z(x) = x**2 + 9*x + 10. Give z(s).
-8
Let b(j) = -j**2 + 4*j + 1. Let s = -9 + 13. Let l be b(s). Let v(m) be the second derivative of -7*m**4/12 + m**3/3 - m**2/2 + 2*m + 45. Give v(l).
-6
Let n be (0 - -3)/((-4)/4). Let b be n - (-6 + -1 - -3). Let j(m) = b + 2 - 5*m**3 - 2 - 4*m - 4*m**2 + 4*m**3. Determine j(-3).
4
Let m(c) = -8*c**2 + 8*c + 8. Let o(h) = 6*h - 5*h**2 + 7 + 4*h**2 - 6*h**2 + h. Let i(x) = -5*m(x) + 6*o(x). Give i(3).
-10
Let i(h) be the first derivative of h**3/3 - 6*h**2 - 3*h + 15. Let w(z) = -3*z**2 + 35*z + 10. Let y(j) = -17*i(j) - 6*w(j). Give y(8).
7
Suppose -2 = -r - 0*r. Suppose -r*u - 33 = -5*j, -3*j = -2*j - 5*u - 25. Let y(o) = 3*o - 5. What is y(j)?
10
Let t = 2 - 0. Let o(w) = -t*w + 2 + 0*w + 1 + 0*w. Determine o(5).
-7
Let k(z) = 2*z**2 + z + 1. Let g(x) = -2*x**2 - x - 2. Suppose -4*t + t = -p - 20, 3*p + 5 = -2*t. Let j(m) = p*k(m) - 4*g(m). Determine j(-3).
-12
Let c(i) = 5*i**2 + 6*i - 2. Let k(s) = s**2 + s. Let n(x) = -c(x) + 6*k(x). Let l(z) = -2*z + 2. Let g be l(2). Determine n(g).
6
Let r(x) = 11*x**2 + 19*x - 23. Let w(m) = -5*m**2 - 8*m + 11. Let a(z) = 6*r(z) + 13*w(z). Give a(-10).
5
Let o(x) = -x + 2. Suppose 2*a - 21 = -a. Suppose 5*v = a + 8. Let j be 3 + (-8 + -1)/v. What is o(j)?
2
Suppose -5 = -9*y + 31. Let f(u) be the second derivative of 1/12*u**y - 7*u + 5/6*u**3 + 0 - 3/2*u**2. What is f(-5)?
-3
Let a(o) = o**2 - o - 6. Suppose t + 0*t = 14. Let w = 14 - t. Let i be 0/(-1) + w/7. Determine a(i).
-6
Let r(h) = 3*h - 8. Suppose -4*o = -2*d - 3*d + 52, 17 = 4*d + 5*o. Determine r(d).
16
Let d(s) = s**3 + s. Let z be (18/(-45))/((-2)/60). Suppose 10*i + z = 4*i. Let m = i + 1. Give d(m).
-2
Let b(a) be the third derivative of -2*a**2 + 1/3*a**3 + 0 + 1/6*a**4 + 0*a. What is b(-6)?
-22
Let t(j) = 57*j**3 - 4*j**2 - 3*j - 5. Let p(x) = 55*x**3 - 3*x**2 - 2*x - 3. Let z(g) = 3*p(g) - 2*t(g). Determine z(1).
51
Let q(d) be the first derivative of -9*d**2/2 - 7*d - 590. Determine q(-3).
20
Let r = 5 + -3. Let h(n) = 2*n + 1. Let a(g) = 8*g + 2. Let b(w) = 2*a(w) - 7*h(w). Calculate b(r).
1
Suppose -4*h = -4*s + 32, -4*h = -s - h + 6. Let i(g) = -g + 7. Give i(s).
-2
Let m(j) be the third derivative of j**6/120 - 7*j**5/60 + 3*j**4/8 - 5*j**3/6 - 189*j**2. What is m(6)?
13
Let m be 14/35 + (-244)/10. Let n = -30 - m. Let i(p) = p**3 + 7*p**2 + 5*p + 1. Calculate i(n).
7
Let a(k) = -k**3 + 9*k**2 - 9*k + 11. Suppose 78*j + 184 = 101*j. What is a(j)?
3
Let z(l) = -l**3 - 4*l**2 - 4*l - 1. Let g(o) = -o**2 + 21*o + 69. Let x be g(24). Determine z(x).
2
Let k be (0/(-1))/(-15 + (-104)/(-8)). Let b(u) = 2*u - 11. Give b(k).
-11
Let b(k) be the second derivative of -5*k**3/6 - 18*k**2 - 136*k. Give b(-7).
-1
Let x(h) be the first derivative of h**2/2 + 7*h - 2. Suppose -3*o = -10*o + 14. Let r be (32/(-24))/(o/6). Determine x(r).
3
Let m(u) = -15*u**2 - 3*u. Let j = -83 + 81. Determine m(j).
-54
Let l(m) = -m + 2. Suppose 15*t + 24 = 18*t. Suppose 2*p - t*p = 96. Let d be 6 + (-4)/(p/(-12)). Give l(d).
-1
Let w(q) = -14*q + 44. Let v(b) = 25*b - 86. Let k(i) = 3*v(i) + 5*w(i). Calculate k(7).
-3
Let j(w) = w**2 - w - 12. Let k be (-930)/(-248) - (2 + 27/(-12)). Determine j(k).
0
Let m(s) be the first derivative of s**4/4 + 2*s**3 + 5*s**2/2 - 4*s + 12. Let f = -18 + 14. Determine m(f).
8
Let i(w) = -w**2 - 5*w - 6. Let n be 45/(-135) + 22/(-6). Calculate i(n).
-2
Let a(x) = -2*x**2 + 29 + 400*x**3 + x - 20 - 401*x**3. Determine a(0).
9
Let c(f) = -2*f + 1. Let o be 2 + (-2)/(-1 + -1). Suppose 6 = 3*w + 3*i, -o*w + 1 = -2*i - 20. Suppose -w*y = -24 + 4. Determine c(y).
-7
Let f = 78 + -69. Suppose f*c = c. Let y(p) = -p**3 + p**2 + 1. Give y(c).
1
Let o be 184/138*(-1)/((-6)/(-27)). Let i(g) = -g**3 - 5*g**2 + 5*g - 2. Determine i(o).
4
Let u(o) = 3*o - 9. Let b be 0 + (-8 - -7 - 6). Give u(b).
-30
Let x(r) = -7*r + 3. Let o = 124 + -4. Let c = 122 - o. Determine x(c).
-11
Let r(d) be the third derivative of 6*d**2 + 1/3*d**3 + 1/12*d**4 + 0*d + 0. What is r(-5)?
-8
Let z(r) = -r - 6. Suppose 0 = 3*n - 7 - 14. Let u = n + -7. Calculate z(u).
-6
Let i be (-1)/7 + (-58)/(-14). Suppose -i*h = 3*m - 3 + 32, 3*h - 58 = 5*m. Let k = m + 7. Let q(x) = x**2 + 7*x + 4. What is q(k)?
-8
Let d(i) = 5*i**2 - i + 1. Let l(f) be the first derivative of 2*f**3 - f**2 + 2*f + 7. Let p(r) = -7*d(r) + 6*l(r). What is p(5)?
5
Let h(c) = -c**2 + 130*c + 3 - 127*c + 4*c**2. What is h(-2)?
9
Suppose 0 = 36*a - 32*a. Suppose -10*v + 12*v - 6 = a. Suppose v*s + s = -12. Let k(q) = 2*q + 4. Give k(s).
-2
Let q(a) = 58*a**2 + 2*a**3 - 2 - a**3 - 58*a**2. Calculate q(0).
-2
Let r(j) = -j**3 - 6*j**2 - 2*j - 6. Suppose 3*q + 42 = -5*a, -2*a - 4*q = 28 - 0. Calculate r(a).
6
Let w(z) = z + 1. Let t(c) = -3*c - 3. Let p(q) = 3*q + 4. Let n(g) = 3*p(g) + 4*t(g). Let a(y) = n(y) + 2*w(y). Let o = 9 + -9. Calculate a(o).
2
Suppose y - 2*k = -2*y, 6 = -2*k. Let s(q) = -q**3 - 2*q**2 + 1. What is s(y)?
1
Let r be (3/(5/(-1) - -2))/(-1). Let a be (-2)/(-8) - 13/4. Let z(u) = 3*u**2 - 5*u - 5. Let x(h) = -h**2 + h + 1. Let l(b) = a*z(b) - 15*x(b). Determine l(r).
6
Let i(r) = -8*r + 6. Let t(m) = m - 1. Let b(w) = 2*i(w) + 14*t(w). Suppose 74 = -31*g - 50. Determine b(g).
6
Let t(z) = -15*z - 1. Let f(b) = b**2 + 5*b + 5. Let q(a) = -a + 2. Let o be q(5). Let s be f(o). What is t(s)?
14
Let i(s) = s - 6. Let f be i(6). Suppose 3*k - 33 = -f*k. Suppose 0 = -2*d + 3 - k. Let g(r) = -r**3 - 5*r**2 - 3*r + 1. What is g(d)?
-3
Let g(o) = 4 - 26*o**3 + 5*o**2 - 5*o + 27*o**3 + 2. Let f(u) = -u**3 - 5*u**2 + 5*u - 6. Let a(i) = -2*f(i) - 3*g(i). Give a(-6).
0
Let r(s) = -s**3 - 4*s**2 - s - 2. Let d = -161 - -109. Let v = d + 48. What is r(v)?
2
Let d(n) = -10*n - 1. Suppose -6 = -2*h - 2*m, -h + 5*m = h + 8. Suppose -5*p = 9 + h. What is d(p)?
19
Let i = 700 - 707. Let m(p) = 5*p + 17. Calculate m(i).
-18
Let u(x) = 3*x - 5. Let c(i) = -2*i + 7. Let n(j) = 6*c(j) + 5*u(j). Determine n(-7).
-4
Let v(x) = 2 + 7*x + 6 - 1 - 3 + x**2. Give v(-7).
4
Let i(r) = 13*r + r**2 + 19 - 24 + 15. Let m be i(-12). Let q(s) = -s**2 - s + 1. Determine q(m).
-1
Let n(o) = -2*o + 11. Let i = 282 - 270. What is n(i)?
-13
Let w = -75 - -76. Let f(p) = -6*p - 1. Let u(q) = -q + 1. Let c(i) = w*f(i) - 5*u(i). What is c(-5)?
-1
Let w(s) = s**2 + 3*s + 7. Let t = 879 + -884. Determine w(t).
17
Let j(w) = -w + 1. Suppose -5*d + 4*x + 1 + 17 = 0, -4*d - x = -27. Let t(g) = -5*g + 3. Let p(v) = d*j(v) - t(v). What is p(-6)?
9
Let f be ((-9)/6)/((-3)/(-6)*-1). Let i(r) be the second derivative of 2*r + 0*r**2 + 0 + 1/3*r**f. What is i(3)?
6
Suppose -w = -6*w - 110. Let i = w - -26. Let k(a) = a**2 - 9*a + 1. What is k(i)?
-19
Suppose -4*p = -4 - 4. Let j(s) = 12*s**2 - 3*s**3 + 6*s - 8 + p*s**3 - 5*s**2 + 2*s**3. Suppose -50 = 21*w + 76. Give j(w).
-8
Let w(i) = i**3 + 2*i**2 + i + 4. Suppose -3 = 70*b - 71*b. Suppose h = 3*a - 2*h + 9, -a - b = 2*h. Give w(a).
-8
Suppose 22 = 10*t + t. Let b(y) = -14*y - 3 - t*y**2 + 9*y - y**3 - 2*y**2 + 0*y**3. Give b(-3).
3
Let f be 3/(3 - 6/4). Suppose -f*m - 4 = -4*m. Let x(g) = 4 - g**3 + 0*g + 6*g - g + 3*g**m - g. Determine x(4).
4
Suppose -3*l - 57 = -5*c, -56 = -4*c + 4*l + l. Let o(k) = -3 - 1 + 10*k - 59*k**2 - 1 + 118*k**2 - 60*k**2. Calculate o(c).
4
Let f(q) = 2*q**3 - q**2 - 2*q - 2. Let r(v) = v**2 + 1. Let u(a) = f(a) + 2*r(a). Let h(d) = d**2 + 10*d - 41. Let p be h(-13). Determine u(p).
-8
Let x(j) be the third derivative of j**6/360 + j**5/40 - j**4/8 + j**3/2 + 7*j**2. Let q(a) be the first derivative of x(a). Determine q(-4).
1
Let a be (11 + 2)*3/13. Let j(c) be the third derivative of c**2 + 0 + 5/6*c**a - 1/60*c**5 + 1/120*c**6 + 0*c - 1/24*c**4. What is j(0)?
5
Let o(d) = 2*d + 3 + 2*d**2 + d**3 - 2*d**3 - 3*d - 1. What is o(2)?
0
Let q = -5 - -16. Suppose 2 = 2*j - o + 2*o, -3*o = j - q. Let w = 2 + j. Let u(f) = 5*f + 1. Dete